{"id":331,"date":"2015-01-26T20:22:23","date_gmt":"2015-01-26T20:22:23","guid":{"rendered":"http:\/\/kakunen-zen.de\/newsite\/?page_id=331"},"modified":"2025-12-31T09:16:39","modified_gmt":"2025-12-31T09:16:39","slug":"termine","status":"publish","type":"page","link":"https:\/\/www.kakunen-zen.de\/newsite\/?page_id=331","title":{"rendered":"TERMINE"},"content":{"rendered":"<div id=\"pl-331\" class=\"panel-layout\">\n<div id=\"pg-331-0\" class=\"panel-grid panel-no-style\">\n<div id=\"pgc-331-0-0\" class=\"panel-grid-cell\" data-weight=\"0.5\">\n<div id=\"panel-331-0-0-0\" class=\"so-panel widget widget_black-studio-tinymce widget_black_studio_tinymce panel-first-child panel-last-child\" data-index=\"0\" data-style=\"{&quot;background_image_attachment&quot;:false,&quot;background_display&quot;:&quot;tile&quot;,&quot;background_image_size&quot;:&quot;full&quot;,&quot;background_image_opacity&quot;:&quot;100&quot;,&quot;border_thickness&quot;:&quot;1px&quot;,&quot;kt_animation_duration&quot;:&quot;default&quot;,&quot;kt_animation_delay&quot;:&quot;default&quot;}\">\n<div class=\"textwidget\">\n<div class=\"txtspalte_links\">\n<h5>Zazen<\/h5>\n<p>regelm\u00e4\u00dfige Zen-\u00dcbung<\/p>\n<p><strong><span class=\"txt_fett\">jeden Sonntag 9.00 Uhr<br \/>\njeden Donnerstag 19.00 Uhr<\/span><\/strong><\/p>\n<p>Die \u00dcbung besteht aus 3 x 30 bzw. 2 x 40 Minuten\u00a0<span class=\"txt_fett\">Zazen\u00a0<\/span>(unbewegliches Sitzen mit dem Gesicht zur Wand).<\/p>\n<p>Dazwischen gibt es jeweils 10 Minuten Kinhin (Gehen) und im Anschluss eine Zeremonie mit Sutren-Rezitation und Sampei.<\/p>\n<p>Am letzten Sonntag im Monat (Sangha-Sonntag) folgt noch eine Stunde gemeinsames\u00a0<span class=\"txt_fett\">Samu<\/span>\u00a0(Arbeit als Zen-\u00dcbung) mit anschlie\u00dfendem &#8222;Kaffeetrinken&#8220;.\u00a0Um &#8222;5 vor 12&#8220; wird die Friedensglocke gel\u00e4utet.<\/p>\n<p>Die Teilnehmer sollten lockere, m\u00f6glichst dunkle Kleidung tragen.<br \/>\nNeue Teilnehmer sind herzlich willkommen!<\/p>\n<p>Wer eine kurze Einf\u00fchrung in die Zen-Meditation braucht, sollte bitte mindestens 20 Minuten vor Beginn da sein.<\/p>\n<\/div>\n<\/div>\n<\/div>\n<\/div>\n<div id=\"pgc-331-0-1\" class=\"panel-grid-cell\" data-weight=\"0.5\">\n<div id=\"panel-331-0-1-0\" class=\"so-panel widget widget_black-studio-tinymce widget_black_studio_tinymce panel-first-child panel-last-child\" data-index=\"1\" data-style=\"{&quot;background_image_attachment&quot;:false,&quot;background_display&quot;:&quot;tile&quot;,&quot;background_image_size&quot;:&quot;full&quot;,&quot;background_image_opacity&quot;:&quot;100&quot;,&quot;border_thickness&quot;:&quot;1px&quot;,&quot;kt_animation_duration&quot;:&quot;default&quot;,&quot;kt_animation_delay&quot;:&quot;default&quot;}\">\n<div class=\"textwidget\">\n<div class=\"txtspalte_links\">\n<div class=\"txtspalte_links\">\n<h5><\/h5>\n<h5>ZEN-\u00dcbungstage<\/h5>\n<\/div>\n<div class=\"txtspalte_mitte\">\n<div id=\"txtspalte_mitte\">\n<p>sollen allen interessierten \u00dcbenden (Anf\u00e4ngern wie Fortgeschrittenen) die M\u00f6glichkeit bieten, einen Tag in Anlehnung an das traditionelle Zen-Sesshin-Programm schweigend intensiv Zen zu \u00fcben.<\/p>\n<p>Termine f\u00fcr das Jahr <strong>2026<\/strong>:<\/p>\n<ul>\n<li>Sonntag <strong>08.02.26<\/strong> &#8211; 7.00 bis 18.00 Uhr<\/li>\n<li>Sonntag <strong>26.04.26<\/strong>\u00a0&#8211; 7.00 bis 13.00 Uhr (verk\u00fcrzte Form)<\/li>\n<li>Sonntag\u00a0<strong>07.06.26<\/strong> &#8211; 7.00 bis 18.00 Uhr<\/li>\n<li>Sonntag <strong>20.09.26<\/strong> &#8211; 7.00 bis 13.00 Uhr (verk\u00fcrzte Form)<\/li>\n<\/ul>\n<\/div>\n<div id=\"txtspalte_mitte\">\n<p>Die Kosten f\u00fcr die Teilnahme am Zen-Tag betragen 20,00 EUR<\/p>\n<\/div>\n<\/div>\n<h4><\/h4>\n<\/div>\n<\/div>\n<\/div>\n<\/div>\n<\/div>\n<\/div>\n","protected":false},"excerpt":{"rendered":"<p>Zazen regelm\u00e4\u00dfige Zen-\u00dcbung jeden Sonntag 9.00 Uhr jeden Donnerstag 19.00 Uhr Die \u00dcbung besteht aus 3 x 30 bzw. 2 x 40 Minuten\u00a0Zazen\u00a0(unbewegliches Sitzen mit dem Gesicht zur Wand). Dazwischen &hellip; <a href=\"https:\/\/www.kakunen-zen.de\/newsite\/?page_id=331\">Weiterlesen<\/a><\/p>\n","protected":false},"author":1,"featured_media":0,"parent":0,"menu_order":0,"comment_status":"open","ping_status":"closed","template":"","meta":{"kt_blocks_editor_width":"","footnotes":""},"class_list":["post-331","page","type-page","status-publish","hentry"],"_links":{"self":[{"href":"https:\/\/www.kakunen-zen.de\/newsite\/index.php?rest_route=\/wp\/v2\/pages\/331","targetHints":{"allow":["GET"]}}],"collection":[{"href":"https:\/\/www.kakunen-zen.de\/newsite\/index.php?rest_route=\/wp\/v2\/pages"}],"about":[{"href":"https:\/\/www.kakunen-zen.de\/newsite\/index.php?rest_route=\/wp\/v2\/types\/page"}],"author":[{"embeddable":true,"href":"https:\/\/www.kakunen-zen.de\/newsite\/index.php?rest_route=\/wp\/v2\/users\/1"}],"replies":[{"embeddable":true,"href":"https:\/\/www.kakunen-zen.de\/newsite\/index.php?rest_route=%2Fwp%2Fv2%2Fcomments&post=331"}],"version-history":[{"count":65,"href":"https:\/\/www.kakunen-zen.de\/newsite\/index.php?rest_route=\/wp\/v2\/pages\/331\/revisions"}],"predecessor-version":[{"id":993,"href":"https:\/\/www.kakunen-zen.de\/newsite\/index.php?rest_route=\/wp\/v2\/pages\/331\/revisions\/993"}],"wp:attachment":[{"href":"https:\/\/www.kakunen-zen.de\/newsite\/index.php?rest_route=%2Fwp%2Fv2%2Fmedia&parent=331"}],"curies":[{"name":"wp","href":"https:\/\/api.w.org\/{rel}","templated":true}]}}