{"id":341,"date":"2015-01-27T09:46:36","date_gmt":"2015-01-27T09:46:36","guid":{"rendered":"http:\/\/kakunen-zen.de\/newsite\/?page_id=341"},"modified":"2023-06-20T06:24:58","modified_gmt":"2023-06-20T06:24:58","slug":"kakunen-zen-2","status":"publish","type":"page","link":"https:\/\/www.kakunen-zen.de\/newsite\/","title":{"rendered":"START"},"content":{"rendered":"<h5><strong><em>Kakunen-Ji <\/em><\/strong><em>&#8211;<\/em> <strong>Zen-Tempel &#8222;<em>Offene Weite&#8220;<\/em>\u00a0im <img loading=\"lazy\" decoding=\"async\" class=\" wp-image-520 alignright\" src=\"http:\/\/kakunen-zen.de\/newsite\/wp-content\/uploads\/2015\/05\/Flag.gif\" alt=\"Flag\" width=\"125\" height=\"453\" \/>Schloss Wachendorf<\/strong><\/h5>\n<p>53894 Mechernich-Wachendorf<\/p>\n<p>Leiter:\u00a0\u00a0\u00a0Taiku G\u00fcttler Roshi<br \/>\nTr\u00e4ger:\u00a0\u00a0Kakunen Taisei Zen Shu e.V.<\/p>\n<p>Mit dieser Seite stellt sich ein ZEN-Zentrum im K\u00f6ln-Bonner-Raum vor.<br \/>\nHier wird der traditionelle, uralte und doch immer junge und aktuelle ZEN-Weg in der \u00fcberlieferten Form des Soto-ZEN &#8211; des japanischen ZEN-Buddhismus &#8211; gelehrt, praktiziert und\u00a0ge\u00fcbt.<br \/>\nDiese \u00dcbung erfolgt nach alter Tradition und doch auch als unabh\u00e4ngiger, eigenst\u00e4ndiger ZEN-Weg in unserem westlich-kulturelle, religi\u00f6sen und spirituellen Kontext.<\/p>\n<p>Viele Menschen sind auf der Suche.<br \/>\nAuf der Suche nach einem Weg zu Gott, zur Wahrheit oder zu sich selbst; auf der Suche nach Sinn, Freiheit, Zufriedenheit und Harmonie.<\/p>\n<p>Vielleicht kann in dieser Situation dem Suchenden der Hinweis auf einen \u00dcbungsort, an dem nach erprobter Tradition des Ostens und einer in dieser Tradition stehenden ZEN-Praxis hier im Westen meditiert wird, bei der Suche behilflich sein.<\/p>\n<p>Besucher sind jederzeit herzlich willkommen!<\/p>\n","protected":false},"excerpt":{"rendered":"<p>Kakunen-Ji &#8211; Zen-Tempel &#8222;Offene Weite&#8220;\u00a0im Schloss Wachendorf 53894 Mechernich-Wachendorf Leiter:\u00a0\u00a0\u00a0Taiku G\u00fcttler Roshi Tr\u00e4ger:\u00a0\u00a0Kakunen Taisei Zen Shu e.V. Mit dieser Seite stellt sich ein ZEN-Zentrum im K\u00f6ln-Bonner-Raum vor. Hier wird der &hellip; <a href=\"https:\/\/www.kakunen-zen.de\/newsite\/\">Weiterlesen<\/a><\/p>\n","protected":false},"author":3,"featured_media":0,"parent":0,"menu_order":0,"comment_status":"open","ping_status":"open","template":"","meta":{"kt_blocks_editor_width":"","footnotes":""},"class_list":["post-341","page","type-page","status-publish","hentry"],"_links":{"self":[{"href":"https:\/\/www.kakunen-zen.de\/newsite\/index.php?rest_route=\/wp\/v2\/pages\/341","targetHints":{"allow":["GET"]}}],"collection":[{"href":"https:\/\/www.kakunen-zen.de\/newsite\/index.php?rest_route=\/wp\/v2\/pages"}],"about":[{"href":"https:\/\/www.kakunen-zen.de\/newsite\/index.php?rest_route=\/wp\/v2\/types\/page"}],"author":[{"embeddable":true,"href":"https:\/\/www.kakunen-zen.de\/newsite\/index.php?rest_route=\/wp\/v2\/users\/3"}],"replies":[{"embeddable":true,"href":"https:\/\/www.kakunen-zen.de\/newsite\/index.php?rest_route=%2Fwp%2Fv2%2Fcomments&post=341"}],"version-history":[{"count":79,"href":"https:\/\/www.kakunen-zen.de\/newsite\/index.php?rest_route=\/wp\/v2\/pages\/341\/revisions"}],"predecessor-version":[{"id":983,"href":"https:\/\/www.kakunen-zen.de\/newsite\/index.php?rest_route=\/wp\/v2\/pages\/341\/revisions\/983"}],"wp:attachment":[{"href":"https:\/\/www.kakunen-zen.de\/newsite\/index.php?rest_route=%2Fwp%2Fv2%2Fmedia&parent=341"}],"curies":[{"name":"wp","href":"https:\/\/api.w.org\/{rel}","templated":true}]}}