{"id":344,"date":"2015-01-27T09:46:54","date_gmt":"2015-01-27T09:46:54","guid":{"rendered":"http:\/\/kakunen-zen.de\/newsite\/?page_id=344"},"modified":"2020-11-20T08:44:56","modified_gmt":"2020-11-20T08:44:56","slug":"lehrer","status":"publish","type":"page","link":"https:\/\/www.kakunen-zen.de\/newsite\/?page_id=344","title":{"rendered":"LEHRER"},"content":{"rendered":"<div id=\"pl-344\"  class=\"panel-layout\" ><div id=\"pg-344-0\"  class=\"panel-grid panel-no-style\" ><div id=\"pgc-344-0-0\"  class=\"panel-grid-cell\" ><div id=\"panel-344-0-0-0\" class=\"so-panel widget widget_black-studio-tinymce widget_black_studio_tinymce panel-first-child panel-last-child\" data-index=\"0\" ><div class=\"textwidget\"><h5>Sekkei Harada Roshi<\/h5>\n<p>50 Jahre lang war Harada Roshi bis 2013\/14 Abt des Klosters Hosshinji\u00a0in Obama\/Japan und fast 30 Jahre Lehrer von Taiku. Aus Alters- und Gesundheitsgr\u00fcnden hat er dieses Amt auf einen seiner ehem.japanischen\u00a0Sch\u00fcler \u00fcbertragen. Gleichzeitig hat er seine Lehrt\u00e4tigkeit beendet und\u00a0lebte v\u00f6llig zur\u00fcckgezogen aber umsorgt in einem kleinen Haus\u00a0inmitten seines Hosshinji entsprechend seiner Lehren \"Grenzenlos frei\u00a0und umfassend zufrieden auf dem Gipfel des Taishan\".<br \/>\nEr ist der Schirmherr und 1.Patriarch der Kakunenshu.<\/p>\n<p>Harada Roshi ist im Alter von 93 Jahren im Juni 2020 verstorben. In einer seiner letzten Nachrichten an seine Sch\u00fcler und Freunde hat er folgenden Satz vor uns hingestellt: Zen Wahrheit ist ihr eigener gegenw\u00e4rtiger Zustand jenseits von Vergangenheit, Gegenwart und Zukunft. Daher ist es eine unerl\u00e4ssliche Bedingung, Zen (Wahrheit) in ihrem eigenen gegenw\u00e4rtigen Zustand zu suchen und ihren Zustand Jetzt zu akzeptieren. Es ist ein gro\u00dfer Irrtum, Zen (Wahrheit) in den Schriften, der Buddha-Lehre oder den Wissen vom Buddha-Weg zu suchen. Bitte pr\u00e4gen Sie das gut ein, wenn Sie den Weg gehen. Bitte sitzen Sie weiter im vollen Einsatz (Zazen).<\/p>\n<h5>Taiku G\u00fcttler Roshi<\/h5>\n<p>1986 begr\u00fcndete er das Zen-\u00dcbungszentrum Mokusho Zendo im Turm von Schloss Wachendorf.<br \/>\nEr vermittelt den Zen-Weg als Lebens-\u00dcbungsweg in Orientierung an der Soto-Zen-Tradition in der \u00dcberlieferung der Soto-Zen-Meister Taisen Deshimaru und Sekkei Harada unter Einbeziehung der Werte christlich-mystischer Tradition.<\/p>\n<p>Im Jahre 1998 gr\u00fcndete er die erste unabh\u00e4ngige Zen-Gemeinschaft Kakunen taisei zen shu mit dem Zen-Tempel Kakunen-Ji.<br \/>\nEr arbeitet als \u00fcberkonfessioneller Krankenhaus- und Hospiz-Seelsorger.<\/p>\n<\/div><\/div><\/div><div id=\"pgc-344-0-1\"  class=\"panel-grid-cell\" ><div id=\"panel-344-0-1-0\" class=\"so-panel widget widget_black-studio-tinymce widget_black_studio_tinymce panel-first-child panel-last-child\" data-index=\"1\" ><div class=\"textwidget\"><figure id=\"attachment_186\" class=\"thumbnail wp-caption aligncenter\" style=\"width: 198px\"><img loading=\"lazy\" decoding=\"async\" class=\"size-full wp-image-186\" src=\"http:\/\/kakunen-zen.de\/newsite\/wp-content\/uploads\/2015\/01\/roshis_vorjahren-e1430813320960.jpg\" alt=\"1986 im HoshinJi\" width=\"198\" height=\"148\" \/><figcaption class=\"caption wp-caption-text\">1986 im HoshinJi<\/figcaption><\/figure><figure id=\"attachment_339\" class=\"thumbnail wp-caption aligncenter\" style=\"width: 199px\"><a href=\"http:\/\/kakunen-zen.de\/newsite\/wp-content\/uploads\/2015\/01\/200607-Besuch-Harada-Roshi-Sama138_bearbeitet-1-e1430748775665.jpg\"><img loading=\"lazy\" decoding=\"async\" class=\"wp-image-339\" src=\"http:\/\/kakunen-zen.de\/newsite\/wp-content\/uploads\/2015\/01\/200607-Besuch-Harada-Roshi-Sama138_bearbeitet-1-300x225.jpg\" alt=\"\" width=\"199\" height=\"149\" \/><\/a><figcaption class=\"caption wp-caption-text\">Besuch 2006<\/figcaption><\/figure>\n<p style=\"text-align: center;\">Ein Weg - gemeinsam!<\/p>\n<p style=\"text-align: center;\">2006 - Besuch und letzte<br \/>Lehrrede in Deutschland <a href=\"http:\/\/www.kakunen-zen.de\/newsite\/?p=703\" target=\"_blank\">(als Video anschauen)<\/a><\/p>\n<\/div><\/div><\/div><\/div><\/div>","protected":false},"excerpt":{"rendered":"<p>Sekkei Harada Roshi 50 Jahre lang war Harada Roshi bis 2013\/14 Abt des Klosters Hosshinji\u00a0in Obama\/Japan und fast 30 Jahre Lehrer von Taiku. Aus Alters- und Gesundheitsgr\u00fcnden hat er dieses &hellip; <a href=\"https:\/\/www.kakunen-zen.de\/newsite\/?page_id=344\">Weiterlesen<\/a><\/p>\n","protected":false},"author":1,"featured_media":0,"parent":0,"menu_order":0,"comment_status":"open","ping_status":"closed","template":"","meta":{"kt_blocks_editor_width":"","footnotes":""},"class_list":["post-344","page","type-page","status-publish","hentry"],"_links":{"self":[{"href":"https:\/\/www.kakunen-zen.de\/newsite\/index.php?rest_route=\/wp\/v2\/pages\/344","targetHints":{"allow":["GET"]}}],"collection":[{"href":"https:\/\/www.kakunen-zen.de\/newsite\/index.php?rest_route=\/wp\/v2\/pages"}],"about":[{"href":"https:\/\/www.kakunen-zen.de\/newsite\/index.php?rest_route=\/wp\/v2\/types\/page"}],"author":[{"embeddable":true,"href":"https:\/\/www.kakunen-zen.de\/newsite\/index.php?rest_route=\/wp\/v2\/users\/1"}],"replies":[{"embeddable":true,"href":"https:\/\/www.kakunen-zen.de\/newsite\/index.php?rest_route=%2Fwp%2Fv2%2Fcomments&post=344"}],"version-history":[{"count":19,"href":"https:\/\/www.kakunen-zen.de\/newsite\/index.php?rest_route=\/wp\/v2\/pages\/344\/revisions"}],"predecessor-version":[{"id":907,"href":"https:\/\/www.kakunen-zen.de\/newsite\/index.php?rest_route=\/wp\/v2\/pages\/344\/revisions\/907"}],"wp:attachment":[{"href":"https:\/\/www.kakunen-zen.de\/newsite\/index.php?rest_route=%2Fwp%2Fv2%2Fmedia&parent=344"}],"curies":[{"name":"wp","href":"https:\/\/api.w.org\/{rel}","templated":true}]}}